-2))/((-2)/20)?
32
Let l = 15 - 24. Let p be (-14)/(-5) - l/45. Suppose 510 = 5*b - 5*x, -p*x + 608 = 4*b + 207. What is the remainder when b is divided by 34?
33
Suppose 0 = -q - 2*q + 2*l + 13, 2*q = -l + 4. Suppose -2*c - 7 = -3*c - 2*g, 0 = q*c + g - 6. Calculate the remainder when 11 is divided by (c/(-3))/(5/(-90)).
5
Suppose -107*f + 110*f - 15 = 0. Calculate the remainder when 69 is divided by f.
4
Let s(c) = 15*c**2 - 100*c - 37. Let a(m) = -5*m**2 + 33*m + 12. Let o(x) = 8*a(x) + 3*s(x). Calculate the remainder when 13/2*10*1 is divided by o(8).
14
Let u(s) = -6*s**2 + 3*s. Let l = -33 + 28. Let w be u(l). What is the remainder when (-32)/12*w/20 is divided by 9?
4
Suppose 3*u = -3*b + 123, b + 2*u + 5 - 45 = 0. Calculate the remainder when b is divided by 11.
9
Let i(m) = -m**3 + 10*m**2 + m - 2. Let n(w) be the third derivative of -7*w**6/30 + w**5/60 + 4*w**2. Calculate the remainder when n(-1) is divided by i(10).
5
Suppose 5*v + 3*v - 960 = 0. Suppose -4*n = -4*h - 468, 3*n - 4*h - v = 2*n. What is the remainder when n is divided by 30?
26
Let c(k) = -k + 15. Suppose -8*j + 0*j = -j. What is the remainder when 54 is divided by c(j)?
9
Suppose 4*f - w = -f + 128, 0 = 5*f + 3*w - 136. Let j = f + -23. What is the remainder when j is divided by 1?
0
Let i(c) = 3*c + 1. Let h be i(1). Suppose h*z + 0 = -2*u + 10, -4*z + 3*u + 15 = 0. Let r = z + 2. What is the remainder when 13 is divided by r?
3
Let s = 73 - -197. Calculate the remainder when s is divided by 93.
84
Suppose 0 = 2*l + 2*n - 16, 3*n + 13 = -4*l + 48. What is the remainder when l is divided by 11?
0
Suppose 4*p = 2*t - 2, t + 38*p + 3 = 41*p. Calculate the remainder when 425 is divided by t.
2
Let d(b) = b**2 - 2*b - 7. Let o = 275 - 260. What is the remainder when d(7) is divided by o?
13
Let w be (27/(-18))/(-1 + (-2)/(-8)). Calculate the remainder when 35 is divided by ((-12)/18)/(w/(-51)) - -1.
17
Let d(p) = p**3 - 11*p**2 + 10*p + 9. Let g be d(10). Suppose 0 = 5*a - g*a + 20. Let m(r) = -2*r + 2. Calculate the remainder when m(-5) is divided by a.
2
Suppose 3*l - 4*l + 12 = 0. Let r = -7 + l. Let i = r + -1. What is the remainder when 9 is divided by i?
1
Let d(x) = 36*x + 65 + x**2 - 56 + 81 - 29*x. Let i(h) = -h**3 - 7*h**2 - 2*h + 9. Calculate the remainder when d(0) is divided by i(-7).
21
Suppose -4*k = -3*d - 37, -2*k - d - 21 = -4*k. Let t = -11 + k. What is the remainder when 8 is divided by (t - (-3)/(-3)) + 2?
2
Let n(k) = -k + 1. Let g be n(-1). Suppose q + g = 6. Suppose -5*w + 98 = -2*c, w = -q*w - 5*c + 105. What is the remainder when 37 is divided by w?
17
Suppose -2*d = 2*z + 246, d - z - 492 = 5*d. Let w = d - -142. What is the remainder when w is divided by 11?
8
Suppose 3*u - 231 = -y, 5*u - 23*y = -19*y + 351. Suppose r = -4*m + 82, -2*m + 4*r + 33 = 1. Calculate the remainder when u is divided by m.
15
Let c = -237 - -350. Let w = 120 - c. What is the remainder when w is divided by 3?
1
Calculate the remainder when 76 is divided by 7/(-21) + (-278)/(-6).
30
Let f be 2*5*(-3)/(-6)*2. Let u(b) = 21*b - 23. Calculate the remainder when u(f) is divided by 38.
35
Suppose -2*i = -3*i - 29. Let g = -1 - i. Let n(u) = 3*u**2 - 16*u - 2. Calculate the remainder when g is divided by n(6).
8
Suppose -3*s + 3*l - 10 = -4*s, -4*l - 50 = -5*s. What is the remainder when 23 is divided by s?
3
What is the remainder when ((-6)/(-5))/(((-50)/(-5))/1000) is divided by 87?
33
Let k be -1*31 - (-1)/(-1). Suppose -14*w = 44 - 2. What is the remainder when k/10*(w - 22) is divided by 28?
24
Let n(o) = o**3 - 4*o**2 + 8*o - 20. Let h be n(6). Calculate the remainder when h/(-6)*21/(-14) is divided by 10.
5
Suppose 0 = 4*m - 52 + 12. Suppose 0*p - 172 = -4*p. Let r = 82 - p. What is the remainder when r is divided by m?
9
Let p be 8/1 + -2 - 4/1. Suppose -p*b + 5 = -11. Suppose 3*j + 78 = 3*l, -4*l - j - 3*j + 64 = 0. What is the remainder when l is divided by b?
5
Let a(f) = 148*f - 368. What is the remainder when a(5) is divided by 78?
60
Let l(x) = -x - 9. Let w be l(-8). Let f be w/((-2)/(-12)) + -3. Calculate the remainder when 5 is divided by (3/(f/12))/(-2).
1
Let v(j) = 16*j - 46. Calculate the remainder when 184 is divided by v(7).
52
What is the remainder when 470 is divided by (119 + -43)*1/4?
14
Suppose 3*l - 105 = 5*k, -8*l - 72 = -10*l + 4*k. Calculate the remainder when 52 is divided by l.
22
Let j(b) = -4*b - 10. Let i be j(-4). Let d be (-4 + 61)*2/i. Let n = -16 + d. Calculate the remainder when 3 is divided by n.
0
Let d(i) = 12*i**3 - 4*i + 5. Let x be d(2). Suppose 2 = -7*p + x. Calculate the remainder when p is divided by 4.
1
Suppose g = 3*g + 4. What is the remainder when (-13 + (2 - g))/((-2)/6) is divided by 14?
13
Let h(m) = -m**3 - 7*m**2 + 5*m - 8. Let t(w) = w - 2. Let f be t(-3). Let d(q) = -q**3 - 2*q**2 + 6*q. What is the remainder when d(f) is divided by h(-8)?
13
Suppose 2*t - t = -4, -4*k + t + 240 = 0. Calculate the remainder when k is divided by ((-60)/(-14))/(55/385).
29
Suppose -13*o + 19*o = 156. Let l = 170 - 17. Calculate the remainder when l is divided by o.
23
Let m = 64 + -17. What is the remainder when 91 is divided by m?
44
Let f = -14 - -24. What is the remainder when 57 is divided by f?
7
Calculate the remainder when 545 is divided by (-66)/(-1) + 451/(-41).
50
Let u = 1779 - 1748. Calculate the remainder when 133 is divided by u.
9
Suppose 47*i - 1340 = 45*i. Suppose f - i = -4*f. Calculate the remainder when f is divided by 17.
15
Suppose 5*y - 4*y - 5 = 0. Suppose 0 = -s + y*s, -4*q + 12 = -3*s. Suppose q*n - 6*n + 189 = 0. Calculate the remainder when n is divided by 13.
11
Suppose 2*m + 3*m - 210 = 0. Suppose -m + 2 = -2*q. What is the remainder when 73 is divided by q?
13
Suppose -5*m + 437 = 18*m. What is the remainder when 34 is divided by m?
15
Let c(r) = -r**3 - 17*r**2 + 5*r + 93. Calculate the remainder when 59 is divided by c(-17).
3
Let q be -1*(-11 - (4 - 8)). Suppose 41 = 2*t + 11. What is the remainder when t is divided by 58/7 + (-2)/q?
7
Suppose 5*p + q + 1957 - 812 = 0, -q = 2*p + 455. Calculate the remainder when (78/65)/((-2)/p) is divided by 20.
18
Suppose -2*t - 5*d + 40 = -t, -t + 5*d = 0. Calculate the remainder when 1239 is divided by t.
19
Suppose 24 = -f - 3*s, 4*f - 4*s + 14 = -18. Let p = 9 + 6. Let r = f + p. What is the remainder when r is divided by 2?
1
Let z(h) = -13*h + 104. Let q(v) be the first derivative of 6*v**2 + 4*v + 2. Calculate the remainder when q(8) is divided by z(6).
22
Let n(h) = -17*h + 6. Let z(p) = -135*p + 48. Let m(c) = 33*n(c) - 4*z(c). What is the remainder when m(-5) is divided by 28?
27
Suppose -2*j = -3*j - 3*k + 4, 0 = j - 4*k - 32. Suppose -15*f + 3501 = -4254. Suppose 6*l = -5*l + f. Calculate the remainder when l is divided by j.
15
Let l(f) = -f**2 - 3*f. Let h be l(-3). Suppose 63 = 3*m - h*m. What is the remainder when m is divided by 12?
9
Let n(s) be the first derivative of 10*s**3/3 + s**2 - 4*s + 5. Let k be n(3). Calculate the remainder when (-1 + 0)/((-4)/k) is divided by 13.
10
Let n = -1077 - -1079. What is the remainder when 125 is divided by n?
1
Calculate the remainder when 40 is divided by (-14 - -8)/((-6)/21).
19
Let h = -1357 + 1360. Calculate the remainder when 670 is divided by h.
1
What is the remainder when 39 is divided by ((-21)/(9 - 2))/(2/(-14))?
18
Suppose 5*o - l - 24 = -165, -3*l + 87 = -3*o. Calculate the remainder when 65 is divided by (-150)/(-14) - 8/o.
10
Let y(x) = x**2 - 6*x - 9. Calculate the remainder when 1698 is divided by y(12).
60
What is the remainder when 204 is divided by (-4 - (-56)/8)*9?
15
Suppose -2*t - 32 = 4*n - 74, 4*n = 3*t + 67. What is the remainder when 82 is divided by n?
4
Let x(f) = f**2 - f + 1. Let o be x(1). Suppose -n - o + 7 = 0. Calculate the remainder when 14 is divided by (45/(-30))/(n/(-20)).
4
Let w = 23 + -10. Calculate the remainder when 101 is divided by w.
10
Calculate the remainder when (-13 + 14)*1941/(1 + 2) is divided by 24.
23
Suppose -4 = 4*i + 2*u - 264, 0 = i - 4*u - 47. What is the remainder when i is divided by 35?
28
Let o = 21 + -96. Suppose -142 = -3*p + 254. Let a = p + o. What is the remainder when a is divided by 20?
17
Let s(f) = 3*f**2 + 4*f - 5. Let h = 1325 